{"id":6343,"date":"2024-11-26T18:00:56","date_gmt":"2024-11-26T17:00:56","guid":{"rendered":"https:\/\/merca.presspulp.com\/?post_type=ressources&#038;p=6343"},"modified":"2025-09-04T19:16:15","modified_gmt":"2025-09-04T17:16:15","slug":"guia-de-la-prueba","status":"publish","type":"ressources","link":"https:\/\/merca.team\/es\/ressources\/guide-test\/","title":{"rendered":"Informe: \u00bfPor qu\u00e9 y c\u00f3mo digitalizar la gesti\u00f3n operativa de su planta?"},"content":{"rendered":"<h2 class=\"wp-block-heading\">Descubra c\u00f3mo organizar, aprovechar y desarrollar los conocimientos t\u00e9cnicos de los fabricantes es la clave del \u00e9xito de la Industria 4.0 y la reindustrializaci\u00f3n.<\/h2>\n\n\n\n<p>El papel de las personas est\u00e1 en el centro de la revoluci\u00f3n industrial actual, y hay que volver a situar a las personas en el centro de esta nueva era 4.0 y 5.0. Por tanto, es esencial anticiparse a los cambios que afectar\u00e1n a nuestras profesiones.<\/p>\n\n\n\n<p><strong>M\u00e1s informaci\u00f3n en este libro blanco :<\/strong><\/p>\n\n\n\n<ul class=\"wp-block-list\">\n<li>Los nuevos retos de la Industria 4.0<\/li>\n\n\n\n<li>Todo lo que debe saber sobre la gesti\u00f3n de las competencias de sus operarios<\/li>\n\n\n\n<li>Ventajas de digitalizar la gesti\u00f3n operativa<\/li>\n<\/ul>\n\n\n\n<p><\/p>","protected":false},"featured_media":7841,"template":"","contenu":[52],"class_list":["post-6343","ressources","type-ressources","status-publish","has-post-thumbnail","hentry","contenu-livre-blanc"],"_links":{"self":[{"href":"https:\/\/merca.team\/es\/wp-json\/wp\/v2\/ressources\/6343","targetHints":{"allow":["GET"]}}],"collection":[{"href":"https:\/\/merca.team\/es\/wp-json\/wp\/v2\/ressources"}],"about":[{"href":"https:\/\/merca.team\/es\/wp-json\/wp\/v2\/types\/ressources"}],"wp:featuredmedia":[{"embeddable":true,"href":"https:\/\/merca.team\/es\/wp-json\/wp\/v2\/media\/7841"}],"wp:attachment":[{"href":"https:\/\/merca.team\/es\/wp-json\/wp\/v2\/media?parent=6343"}],"wp:term":[{"taxonomy":"contenu","embeddable":true,"href":"https:\/\/merca.team\/es\/wp-json\/wp\/v2\/contenu?post=6343"}],"curies":[{"name":"wp","href":"https:\/\/api.w.org\/{rel}","templated":true}]}}

Informe: ¿Por qué y cómo digitalizar la gestión operativa de su planta?

<h2 class="wp-block-heading">Descubra cómo organizar, aprovechar y desarrollar los conocimientos técnicos de los fabricantes es la clave del éxito de la Industria 4.0 y la reindustrialización.</h2>



<p>El papel de las personas está en el centro de la revolución industrial actual, y hay que volver a situar a las personas en el centro de esta nueva era 4.0 y 5.0. Por tanto, es esencial anticiparse a los cambios que afectarán a nuestras profesiones.</p>



<p><strong>Más información en este libro blanco :</strong></p>



<ul class="wp-block-list">
<li>Los nuevos retos de la Industria 4.0</li>



<li>Todo lo que debe saber sobre la gestión de las competencias de sus operarios</li>



<li>Ventajas de digitalizar la gestión operativa</li>
</ul>



<p></p>
